{"id":1297,"date":"2020-08-04T14:20:19","date_gmt":"2020-08-04T12:20:19","guid":{"rendered":"https:\/\/spei.cz\/?page_id=1297"},"modified":"2024-03-21T16:43:34","modified_gmt":"2024-03-21T15:43:34","slug":"vymena-a-oprava-brzd","status":"publish","type":"page","link":"https:\/\/spei.cz\/index.php\/vymena-a-oprava-brzd\/","title":{"rendered":"V\u00fdm\u011bna a oprava brzd"},"content":{"rendered":"\t\t<div data-elementor-type=\"wp-page\" data-elementor-id=\"1297\" class=\"elementor elementor-1297\" data-elementor-post-type=\"page\">\n\t\t\t\t\t\t<section class=\"elementor-section elementor-top-section elementor-element elementor-element-d40b35a elementor-section-boxed elementor-section-height-default elementor-section-height-default\" data-id=\"d40b35a\" data-element_type=\"section\" data-e-type=\"section\">\n\t\t\t\t\t\t<div class=\"elementor-container elementor-column-gap-default\">\n\t\t\t\t\t<div class=\"elementor-column elementor-col-100 elementor-top-column elementor-element elementor-element-59adf78\" data-id=\"59adf78\" data-element_type=\"column\" data-e-type=\"column\">\n\t\t\t<div class=\"elementor-widget-wrap elementor-element-populated\">\n\t\t\t\t\t\t<div class=\"elementor-element elementor-element-8f2c8a0 elementor-widget elementor-widget-heading\" data-id=\"8f2c8a0\" data-element_type=\"widget\" data-e-type=\"widget\" data-widget_type=\"heading.default\">\n\t\t\t\t<div class=\"elementor-widget-container\">\n\t\t\t\t\t<h4 class=\"elementor-heading-title elementor-size-default\">V\u00fdm\u011bna a oprava brzd<\/h4>\t\t\t\t<\/div>\n\t\t\t\t<\/div>\n\t\t\t\t\t<\/div>\n\t\t<\/div>\n\t\t\t\t\t<\/div>\n\t\t<\/section>\n\t\t\t\t<section class=\"elementor-section elementor-top-section elementor-element elementor-element-4bedd73 elementor-section-boxed elementor-section-height-default elementor-section-height-default\" data-id=\"4bedd73\" data-element_type=\"section\" data-e-type=\"section\">\n\t\t\t\t\t\t<div class=\"elementor-container elementor-column-gap-default\">\n\t\t\t\t\t<div class=\"elementor-column elementor-col-100 elementor-top-column elementor-element elementor-element-3d5ed9f\" data-id=\"3d5ed9f\" data-element_type=\"column\" data-e-type=\"column\">\n\t\t\t<div class=\"elementor-widget-wrap elementor-element-populated\">\n\t\t\t\t\t\t<div class=\"elementor-element elementor-element-76b9ae0 elementor-widget elementor-widget-text-editor\" data-id=\"76b9ae0\" data-element_type=\"widget\" data-e-type=\"widget\" data-widget_type=\"text-editor.default\">\n\t\t\t\t<div class=\"elementor-widget-container\">\n\t\t\t\t\t\t\t\t\t<p>Ji\u017e n\u011bkolik let nab\u00edz\u00edme a servisujeme\u00a0<strong>brzdov\u00e9 syst\u00e9my<\/strong>\u00a0pro osobn\u00ed, ter\u00e9nn\u00ed a u\u017eitkov\u00e9 vozy a motocykly.\u00a0<strong>Brzdy<\/strong>\u00a0se pod\u00edlej\u00ed v\u00fdznamnou m\u011brou na bezpe\u010dnosti j\u00edzdy a po\u017eadavek na jejich kvalitu a v\u00fdkon je zcela z\u00e1sadn\u00ed. Ve srovn\u00e1n\u00ed s po\u017eadavky na v\u00fdkon motoru je po\u017eadavek na v\u00fdkon brzd u osobn\u00edho vozu trojn\u00e1sobn\u011b vy\u0161\u0161\u00ed a u u\u017eitkov\u00e9ho a\u017e sedmin\u00e1sobn\u011b. Klademe tedy velk\u00fd d\u016fraz na kvalitu n\u00e1mi prod\u00e1van\u00fdch a montovan\u00fdch brzdov\u00fdch d\u00edl\u016f.<\/p><p>V sou\u010dasnosti vy\u017eaduj\u00ed ve\u0161ker\u00e9 vozy pou\u017eit\u00ed brzdov\u00fdch syst\u00e9m\u016f a t\u0159ec\u00edch materi\u00e1l\u016f s vysokou \u00fa\u010dinnost\u00ed. N\u00e1roky na spolehlivost, \u017eivotnost a \u00fa\u010dinnost brzdov\u00fdch syst\u00e9m\u016f se st\u00e1le zvy\u0161uj\u00ed.<br \/>Proto jsou na\u0161\u00ed volbou brzdov\u00e9 syst\u00e9my zna\u010dek Ferodo, ATE\u00a0a Lucas.<\/p><p>Produkty, kter\u00e9 nab\u00edz\u00edme, spl\u0148uj\u00ed \u010di p\u0159evy\u0161uj\u00ed parametry v\u00fdkonu stanoven\u00e9 evropsk\u00fdmi normami.<br \/>K dosa\u017een\u00ed optim\u00e1ln\u00edho brzdn\u00e9ho v\u00fdkonu, ale i pohodl\u00ed \u0159idi\u010de jsou materi\u00e1ly neust\u00e1le vylep\u0161ov\u00e1ny a t\u0159ec\u00ed segmenty jsou upravov\u00e1ny tak, aby se zlep\u0161ila kvalita a \u00fa\u010dinnost br\u017ed\u011bn\u00ed. V\u00fdsledky n\u00e1ro\u010dn\u00fdch zkou\u0161ek a test\u016f p\u0159evy\u0161uj\u00ed mezin\u00e1rodn\u00ed kvalitativn\u00ed standarty.<br \/>Produkty jsou dr\u017eitelem certifik\u00e1t\u016f ISO 9002, ISO\/TS 16949 a EMS.<\/p><h3>V\u00fdhody n\u00e1mi dod\u00e1van\u00fdch brzdov\u00fdch syst\u00e9m\u016f:<\/h3><ul><li>pou\u017eit\u00e9 materi\u00e1ly odpov\u00eddaj\u00ed jakost\u00ed komponent\u016fm ur\u010den\u00fdm pro origin\u00e1ln\u00ed v\u00fdbavu automobil\u016f<\/li><li>jakost pou\u017eit\u00fdch materi\u00e1l\u016f zaji\u0161\u0165uje krat\u0161\u00ed brzdnou dr\u00e1hu ne\u017e jin\u00e9 zna\u010dky<\/li><li>t\u0159ec\u00ed materi\u00e1ly odpov\u00eddaj\u00edc\u00ed charakteristice brzdov\u00e9ho syst\u00e9mu vozu<\/li><li>zv\u00fd\u0161en\u00e1 bezpe\u010dnost p\u0159i br\u017ed\u011bn\u00ed<\/li><li>dostate\u010dn\u00e1 odolnost proti opot\u0159eben\u00ed a sn\u00ed\u017een\u00e1 hlu\u010dnost<\/li><li>nejdokonalej\u0161\u00ed a nejmodern\u011bj\u0161\u00ed proveden\u00ed v\u00fdrobk\u016f pro trh n\u00e1hradn\u00edch d\u00edl\u016f<\/li><li>nejvy\u0161\u0161\u00ed bezpe\u010dnost a spolehlivost v extr\u00e9mn\u00edch podm\u00ednk\u00e1ch<\/li><li>p\u0159\u00edsn\u00e9 zkou\u0161ky a testov\u00e1n\u00ed p\u0159i v\u00fdvoji v\u00fdrobk\u016f<\/li><\/ul><h4>T\u0159ec\u00ed segmenty<\/h4><ul><li>maxim\u00e1ln\u011b bezpe\u010dn\u00e9 a spolehliv\u00e9<\/li><li>materi\u00e1l zvolen dle typu brzdov\u00e9 soustavy<\/li><li>sni\u017euj\u00ed opot\u0159eben\u00ed brzdov\u00e9ho kotou\u010de<\/li><li>minim\u00e1ln\u00ed doba z\u00e1b\u011bhu<\/li><\/ul><h4>Brzdov\u00e9 kotou\u010de<\/h4><ul><li>vysoce odoln\u00e9 v\u016f\u010di korozi i opot\u0159eben\u00ed<\/li><li>perfektn\u011b vyv\u00e1\u017een\u00e9<\/li><li>zaji\u0161\u0165uj\u00ed plynul\u00e9 brzd\u011bn\u00ed<\/li><li>vysok\u00e1 jakost materi\u00e1l\u016f<\/li><\/ul><h4>Brzdov\u00e9 \u010delisti<\/h4><ul><li>pln\u011b kompatibiln\u00ed s t\u0159ec\u00edmi segmenty p\u0159edn\u00edch kol<\/li><li>dokonal\u00e9 vyv\u00e1\u017een\u00ed brzdn\u00e9 s\u00edly s p\u0159edn\u00ed n\u00e1pravou<\/li><li>v\u010detn\u011b \u010delist\u00ed ru\u010dn\u00ed brzdy<\/li><\/ul><h4>P\u0159\u00edslu\u0161enstv\u00ed<\/h4><ul><li>\u0161irok\u00e1 nab\u00eddka nezbytn\u00e9ho p\u0159\u00edslu\u0161enstv\u00ed<\/li><\/ul><h4>Brzdov\u00e9 kapaliny<\/h4><ul><li>spl\u0148uj\u00ed i p\u0159evy\u0161uj\u00ed po\u017eadavky evropsk\u00fdch norem<\/li><li>\u0161irok\u00e9 p\u00e1smo provozn\u00edch teplot a maxim\u00e1ln\u00ed \u00fa\u010dinnost<\/li><\/ul><h4>Spojkov\u00e9 kapaliny<\/h4><ul><li>nejvy\u0161\u0161\u00ed jakost a \u0161pi\u010dkov\u00fd v\u00fdkon hydraulick\u00fdch syst\u00e9m\u016f<\/li><\/ul><p>V na\u0161em sortimentu jsou kvalitn\u00ed brzdy pro\u00a0<strong>osobn\u00ed<\/strong>\u00a0a\u00a0<strong>u\u017eitkov\u00e9 vozy<\/strong>,\u00a0<strong>motocykly<\/strong>\u00a0a\u00a0<strong>z\u00e1vodn\u00ed auta<\/strong>.<\/p><h3>Rady a doporu\u010den\u00ed<\/h3><h4>Pravideln\u00e1 kontrola<\/h4><p>Nechte brzdov\u00fd syst\u00e9m Va\u0161eho vozu pravideln\u011b zkontrolovat.<br \/>Nev\u00e1hejte p\u0159ed sezonou, dovolenou, nebo del\u0161\u00ed cestou brzdy nechat zkontrolovat u n\u00e1s, kontrolu provedeme zdarma.<\/p><h4>V\u00fdm\u011bna brzdov\u00e9 kapaliny<\/h4><p>Brzdov\u00e1 kapalina v\u00e1\u017ee vodu, proto je nutn\u00e9 obsah vody v kapalin\u011b, kter\u00fd sni\u017euje jej\u00ed bod varu, pravideln\u011b kontrolovat. P\u0159i kontrole se zji\u0161\u0165uje bod varu kapaliny a specifikace pro v\u00fdm\u011bnu jsou n\u00e1sleduj\u00edc\u00ed:<\/p><h5>zji\u0161t\u011bn\u00fd bod varu<\/h5><table width=\"376\"><tbody><tr><td><strong>180\u00b0C<\/strong>\u00a0a v\u00edce<\/td><td>v\u00fdm\u011bna nen\u00ed nutn\u00e1<\/td><\/tr><tr><td><strong>170\u00b0C &#8211; 180\u00b0C<\/strong><\/td><td>v\u00fdm\u011bna se doporu\u010duje<\/td><\/tr><tr><td><strong>170\u00b0C<\/strong>\u00a0a m\u00e9n\u011b<\/td><td>v\u00fdm\u011bna je nutn\u00e1!<\/td><\/tr><\/tbody><\/table>\t\t\t\t\t\t\t\t<\/div>\n\t\t\t\t<\/div>\n\t\t\t\t\t<\/div>\n\t\t<\/div>\n\t\t\t\t\t<\/div>\n\t\t<\/section>\n\t\t\t\t<\/div>\n\t\t","protected":false},"excerpt":{"rendered":"<p>V\u00fdm\u011bna a oprava brzd Ji\u017e n\u011bkolik let nab\u00edz\u00edme a servisujeme\u00a0brzdov\u00e9 syst\u00e9my\u00a0pro osobn\u00ed, ter\u00e9nn\u00ed a u\u017eitkov\u00e9 vozy a motocykly.\u00a0Brzdy\u00a0se pod\u00edlej\u00ed v\u00fdznamnou<\/p>\n","protected":false},"author":1,"featured_media":0,"parent":0,"menu_order":0,"comment_status":"closed","ping_status":"closed","template":"","meta":{"colormag_page_container_layout":"default_layout","colormag_page_sidebar_layout":"default_layout","footnotes":""},"class_list":["post-1297","page","type-page","status-publish","hentry"],"yoast_head":"<!-- This site is optimized with the Yoast SEO plugin v27.5 - https:\/\/yoast.com\/product\/yoast-seo-wordpress\/ -->\r\n<title>V\u00fdm\u011bna a oprava brzd - SPEI SERVIS<\/title>\r\n<meta name=\"robots\" content=\"index, follow, max-snippet:-1, max-image-preview:large, max-video-preview:-1\" \/>\r\n<link rel=\"canonical\" href=\"https:\/\/spei.cz\/index.php\/vymena-a-oprava-brzd\/\" \/>\r\n<meta property=\"og:locale\" content=\"cs_CZ\" \/>\r\n<meta property=\"og:type\" content=\"article\" \/>\r\n<meta property=\"og:title\" content=\"V\u00fdm\u011bna a oprava brzd - SPEI SERVIS\" \/>\r\n<meta property=\"og:description\" content=\"V\u00fdm\u011bna a oprava brzd Ji\u017e n\u011bkolik let nab\u00edz\u00edme a servisujeme\u00a0brzdov\u00e9 syst\u00e9my\u00a0pro osobn\u00ed, ter\u00e9nn\u00ed a u\u017eitkov\u00e9 vozy a motocykly.\u00a0Brzdy\u00a0se pod\u00edlej\u00ed v\u00fdznamnou\" \/>\r\n<meta property=\"og:url\" content=\"https:\/\/spei.cz\/index.php\/vymena-a-oprava-brzd\/\" \/>\r\n<meta property=\"og:site_name\" content=\"SPEI SERVIS\" \/>\r\n<meta property=\"article:publisher\" content=\"https:\/\/www.facebook.com\/spei.servis\" \/>\r\n<meta property=\"article:modified_time\" content=\"2024-03-21T15:43:34+00:00\" \/>\r\n<meta name=\"twitter:card\" content=\"summary_large_image\" \/>\r\n<meta name=\"twitter:label1\" content=\"Odhadovan\u00e1 doba \u010dten\u00ed\" \/>\n\t<meta name=\"twitter:data1\" content=\"3 minuty\" \/>\r\n<script type=\"application\/ld+json\" class=\"yoast-schema-graph\">{\"@context\":\"https:\\\/\\\/schema.org\",\"@graph\":[{\"@type\":\"WebPage\",\"@id\":\"https:\\\/\\\/spei.cz\\\/index.php\\\/vymena-a-oprava-brzd\\\/\",\"url\":\"https:\\\/\\\/spei.cz\\\/index.php\\\/vymena-a-oprava-brzd\\\/\",\"name\":\"V\u00fdm\u011bna a oprava brzd - SPEI SERVIS\",\"isPartOf\":{\"@id\":\"https:\\\/\\\/spei.cz\\\/#website\"},\"datePublished\":\"2020-08-04T12:20:19+00:00\",\"dateModified\":\"2024-03-21T15:43:34+00:00\",\"breadcrumb\":{\"@id\":\"https:\\\/\\\/spei.cz\\\/index.php\\\/vymena-a-oprava-brzd\\\/#breadcrumb\"},\"inLanguage\":\"cs\",\"potentialAction\":[{\"@type\":\"ReadAction\",\"target\":[\"https:\\\/\\\/spei.cz\\\/index.php\\\/vymena-a-oprava-brzd\\\/\"]}]},{\"@type\":\"BreadcrumbList\",\"@id\":\"https:\\\/\\\/spei.cz\\\/index.php\\\/vymena-a-oprava-brzd\\\/#breadcrumb\",\"itemListElement\":[{\"@type\":\"ListItem\",\"position\":1,\"name\":\"Dom\u016f\",\"item\":\"https:\\\/\\\/spei.cz\\\/\"},{\"@type\":\"ListItem\",\"position\":2,\"name\":\"V\u00fdm\u011bna a oprava brzd\"}]},{\"@type\":\"WebSite\",\"@id\":\"https:\\\/\\\/spei.cz\\\/#website\",\"url\":\"https:\\\/\\\/spei.cz\\\/\",\"name\":\"SPEI SERVIS\",\"description\":\"Autoservis v\u0161ech zna\u010dek!\",\"publisher\":{\"@id\":\"https:\\\/\\\/spei.cz\\\/#organization\"},\"potentialAction\":[{\"@type\":\"SearchAction\",\"target\":{\"@type\":\"EntryPoint\",\"urlTemplate\":\"https:\\\/\\\/spei.cz\\\/?s={search_term_string}\"},\"query-input\":{\"@type\":\"PropertyValueSpecification\",\"valueRequired\":true,\"valueName\":\"search_term_string\"}}],\"inLanguage\":\"cs\"},{\"@type\":\"Organization\",\"@id\":\"https:\\\/\\\/spei.cz\\\/#organization\",\"name\":\"SPEI SERVIS\",\"url\":\"https:\\\/\\\/spei.cz\\\/\",\"logo\":{\"@type\":\"ImageObject\",\"inLanguage\":\"cs\",\"@id\":\"https:\\\/\\\/spei.cz\\\/#\\\/schema\\\/logo\\\/image\\\/\",\"url\":\"https:\\\/\\\/spei.cz\\\/wp-content\\\/uploads\\\/2020\\\/01\\\/cropped-big_logo_SPEI30_high.png\",\"contentUrl\":\"https:\\\/\\\/spei.cz\\\/wp-content\\\/uploads\\\/2020\\\/01\\\/cropped-big_logo_SPEI30_high.png\",\"width\":3615,\"height\":851,\"caption\":\"SPEI SERVIS\"},\"image\":{\"@id\":\"https:\\\/\\\/spei.cz\\\/#\\\/schema\\\/logo\\\/image\\\/\"},\"sameAs\":[\"https:\\\/\\\/www.facebook.com\\\/spei.servis\"]}]}<\/script>\r\n<!-- \/ Yoast SEO plugin. -->","yoast_head_json":{"title":"V\u00fdm\u011bna a oprava brzd - SPEI SERVIS","robots":{"index":"index","follow":"follow","max-snippet":"max-snippet:-1","max-image-preview":"max-image-preview:large","max-video-preview":"max-video-preview:-1"},"canonical":"https:\/\/spei.cz\/index.php\/vymena-a-oprava-brzd\/","og_locale":"cs_CZ","og_type":"article","og_title":"V\u00fdm\u011bna a oprava brzd - SPEI SERVIS","og_description":"V\u00fdm\u011bna a oprava brzd Ji\u017e n\u011bkolik let nab\u00edz\u00edme a servisujeme\u00a0brzdov\u00e9 syst\u00e9my\u00a0pro osobn\u00ed, ter\u00e9nn\u00ed a u\u017eitkov\u00e9 vozy a motocykly.\u00a0Brzdy\u00a0se pod\u00edlej\u00ed v\u00fdznamnou","og_url":"https:\/\/spei.cz\/index.php\/vymena-a-oprava-brzd\/","og_site_name":"SPEI SERVIS","article_publisher":"https:\/\/www.facebook.com\/spei.servis","article_modified_time":"2024-03-21T15:43:34+00:00","twitter_card":"summary_large_image","twitter_misc":{"Odhadovan\u00e1 doba \u010dten\u00ed":"3 minuty"},"schema":{"@context":"https:\/\/schema.org","@graph":[{"@type":"WebPage","@id":"https:\/\/spei.cz\/index.php\/vymena-a-oprava-brzd\/","url":"https:\/\/spei.cz\/index.php\/vymena-a-oprava-brzd\/","name":"V\u00fdm\u011bna a oprava brzd - SPEI SERVIS","isPartOf":{"@id":"https:\/\/spei.cz\/#website"},"datePublished":"2020-08-04T12:20:19+00:00","dateModified":"2024-03-21T15:43:34+00:00","breadcrumb":{"@id":"https:\/\/spei.cz\/index.php\/vymena-a-oprava-brzd\/#breadcrumb"},"inLanguage":"cs","potentialAction":[{"@type":"ReadAction","target":["https:\/\/spei.cz\/index.php\/vymena-a-oprava-brzd\/"]}]},{"@type":"BreadcrumbList","@id":"https:\/\/spei.cz\/index.php\/vymena-a-oprava-brzd\/#breadcrumb","itemListElement":[{"@type":"ListItem","position":1,"name":"Dom\u016f","item":"https:\/\/spei.cz\/"},{"@type":"ListItem","position":2,"name":"V\u00fdm\u011bna a oprava brzd"}]},{"@type":"WebSite","@id":"https:\/\/spei.cz\/#website","url":"https:\/\/spei.cz\/","name":"SPEI SERVIS","description":"Autoservis v\u0161ech zna\u010dek!","publisher":{"@id":"https:\/\/spei.cz\/#organization"},"potentialAction":[{"@type":"SearchAction","target":{"@type":"EntryPoint","urlTemplate":"https:\/\/spei.cz\/?s={search_term_string}"},"query-input":{"@type":"PropertyValueSpecification","valueRequired":true,"valueName":"search_term_string"}}],"inLanguage":"cs"},{"@type":"Organization","@id":"https:\/\/spei.cz\/#organization","name":"SPEI SERVIS","url":"https:\/\/spei.cz\/","logo":{"@type":"ImageObject","inLanguage":"cs","@id":"https:\/\/spei.cz\/#\/schema\/logo\/image\/","url":"https:\/\/spei.cz\/wp-content\/uploads\/2020\/01\/cropped-big_logo_SPEI30_high.png","contentUrl":"https:\/\/spei.cz\/wp-content\/uploads\/2020\/01\/cropped-big_logo_SPEI30_high.png","width":3615,"height":851,"caption":"SPEI SERVIS"},"image":{"@id":"https:\/\/spei.cz\/#\/schema\/logo\/image\/"},"sameAs":["https:\/\/www.facebook.com\/spei.servis"]}]}},"_links":{"self":[{"href":"https:\/\/spei.cz\/index.php\/wp-json\/wp\/v2\/pages\/1297","targetHints":{"allow":["GET"]}}],"collection":[{"href":"https:\/\/spei.cz\/index.php\/wp-json\/wp\/v2\/pages"}],"about":[{"href":"https:\/\/spei.cz\/index.php\/wp-json\/wp\/v2\/types\/page"}],"author":[{"embeddable":true,"href":"https:\/\/spei.cz\/index.php\/wp-json\/wp\/v2\/users\/1"}],"replies":[{"embeddable":true,"href":"https:\/\/spei.cz\/index.php\/wp-json\/wp\/v2\/comments?post=1297"}],"version-history":[{"count":12,"href":"https:\/\/spei.cz\/index.php\/wp-json\/wp\/v2\/pages\/1297\/revisions"}],"predecessor-version":[{"id":2452,"href":"https:\/\/spei.cz\/index.php\/wp-json\/wp\/v2\/pages\/1297\/revisions\/2452"}],"wp:attachment":[{"href":"https:\/\/spei.cz\/index.php\/wp-json\/wp\/v2\/media?parent=1297"}],"curies":[{"name":"wp","href":"https:\/\/api.w.org\/{rel}","templated":true}]}}