{"id":1310,"date":"2020-08-04T14:29:27","date_gmt":"2020-08-04T12:29:27","guid":{"rendered":"https:\/\/spei.cz\/?page_id=1310"},"modified":"2024-03-21T16:44:20","modified_gmt":"2024-03-21T15:44:20","slug":"regenerace-filtru","status":"publish","type":"page","link":"https:\/\/spei.cz\/index.php\/regenerace-filtru\/","title":{"rendered":"Regenerace filtr\u016f"},"content":{"rendered":"\t\t<div data-elementor-type=\"wp-page\" data-elementor-id=\"1310\" class=\"elementor elementor-1310\" data-elementor-post-type=\"page\">\n\t\t\t\t\t\t<section class=\"elementor-section elementor-top-section elementor-element elementor-element-4b77a42 elementor-section-boxed elementor-section-height-default elementor-section-height-default\" data-id=\"4b77a42\" data-element_type=\"section\" data-e-type=\"section\">\n\t\t\t\t\t\t<div class=\"elementor-container elementor-column-gap-default\">\n\t\t\t\t\t<div class=\"elementor-column elementor-col-100 elementor-top-column elementor-element elementor-element-b5d7540\" data-id=\"b5d7540\" data-element_type=\"column\" data-e-type=\"column\">\n\t\t\t<div class=\"elementor-widget-wrap elementor-element-populated\">\n\t\t\t\t\t\t<div class=\"elementor-element elementor-element-6d2a292 elementor-widget elementor-widget-heading\" data-id=\"6d2a292\" data-element_type=\"widget\" data-e-type=\"widget\" data-widget_type=\"heading.default\">\n\t\t\t\t<div class=\"elementor-widget-container\">\n\t\t\t\t\t<h4 class=\"elementor-heading-title elementor-size-default\">Regenerace filtr\u016f<\/h4>\t\t\t\t<\/div>\n\t\t\t\t<\/div>\n\t\t\t\t\t<\/div>\n\t\t<\/div>\n\t\t\t\t\t<\/div>\n\t\t<\/section>\n\t\t\t\t<section class=\"elementor-section elementor-top-section elementor-element elementor-element-8dad20a elementor-section-boxed elementor-section-height-default elementor-section-height-default\" data-id=\"8dad20a\" data-element_type=\"section\" data-e-type=\"section\">\n\t\t\t\t\t\t<div class=\"elementor-container elementor-column-gap-default\">\n\t\t\t\t\t<div class=\"elementor-column elementor-col-100 elementor-top-column elementor-element elementor-element-7c11713\" data-id=\"7c11713\" data-element_type=\"column\" data-e-type=\"column\">\n\t\t\t<div class=\"elementor-widget-wrap elementor-element-populated\">\n\t\t\t\t\t\t<div class=\"elementor-element elementor-element-82032ae elementor-widget elementor-widget-text-editor\" data-id=\"82032ae\" data-element_type=\"widget\" data-e-type=\"widget\" data-widget_type=\"text-editor.default\">\n\t\t\t\t<div class=\"elementor-widget-container\">\n\t\t\t\t\t\t\t\t\t<p>Ned\u00edlnou sou\u010d\u00e1st\u00ed na\u0161\u00ed nab\u00eddky jsou\u00a0<strong>olejov\u00e9, palivov\u00e9, vzduchov\u00e9 a kabinov\u00e9 filtry<\/strong>. Prod\u00e1v\u00e1me filtra\u010dn\u00ed produkty a p\u0159\u00edslu\u0161enstv\u00ed\u00a0<strong>FRAM<\/strong>, kter\u00e9 p\u0159edstavuje v\u00edce ne\u017e 2 500 r\u016fzn\u00fdch v\u00fdrobk\u016f pro filtraci vzduchu, paliva, maziva a kabinovou ventilaci. N\u00e1mi dod\u00e1van\u00e9 filtry jsou z\u00e1rukou dlouh\u00e9 \u017eivotnosti a garantovan\u00e9 kvality. Pravideln\u00e9 kontroly a v\u00fdm\u011bny filtr\u016f by nem\u011bly b\u00fdt v \u017e\u00e1dn\u00e9m p\u0159\u00edpad\u011b opom\u00edjeny. Opot\u0159eben\u00ed a nasycen\u00ed filtr\u016f ovliv\u0148uje funk\u010dn\u00ed vlastnosti a \u017eivotnost automobilu a v p\u0159\u00edpad\u011b vzduchov\u00fdch a kabinov\u00fdch filtr\u016f tak\u00e9 zdrav\u00ed v\u0161ech pasa\u017e\u00e9r\u016f.<\/p><h3>Olejov\u00e9 filtry<\/h3><p>Olejov\u00fd filtr odstra\u0148uje z motorov\u00e9ho oleje \u010d\u00e1stice ne\u010distot, kter\u00e9 by jinak spole\u010dn\u011b s olejem tvo\u0159ili brusnou pastu zp\u016fsobuj\u00edc\u00ed opot\u0159eben\u00ed motoru. Krom\u011b vytvo\u0159en\u00ed mazov\u00e9ho filmu mezi jednotliv\u00fdmi d\u00edly a sn\u00ed\u017een\u00ed t\u0159en\u00ed maj\u00ed olej a filtr tak\u00e9 n\u00e1sleduj\u00edc\u00ed funkce:<\/p><ul><li>chlazen\u00ed &#8211; vst\u0159eb\u00e1vaj\u00ed a odv\u00e1d\u011bj\u00ed teplo z m\u00edsta t\u0159en\u00ed a z\u00e1\u017eehu motoru<\/li><li>\u010di\u0161t\u011bn\u00ed &#8211; olejem jsou zachyceny a n\u00e1sledn\u011b odvedeny do filtru zne\u010dis\u0165uj\u00edc\u00ed \u010d\u00e1ste\u010dky vznikaj\u00edc\u00ed p\u0159i t\u0159en\u00ed. Ve filtru jsou n\u00e1sledn\u011b roztrh\u00e1ny, stejn\u011b jako jak\u00e9koliv zbytky vznikaj\u00edc\u00ed p\u0159i z\u00e1\u017eehu motoru<\/li><li>t\u011bsn\u011bn\u00ed &#8211; t\u011bsn\u00ed pomoc\u00ed krou\u017ek\u016f mezi vlo\u017ekami a p\u00edsty<\/li><li>utlumen\u00ed mechanick\u00e9ho hluku a hluku ze z\u00e1\u017eehov\u00e9ho procesu<\/li><\/ul><h3>Palivov\u00e9 filtry<\/h3><p>Palivov\u00fd filtr zamezuje v\u00fdskytu jak\u00fdchkoli ne\u010distot v palivu a p\u0159edch\u00e1z\u00ed t\u00edm po\u0161kozen\u00ed \u010di nefunk\u010dnosti ve\u0161ker\u00fdch sou\u010d\u00e1st\u00ed palivov\u00e9ho syst\u00e9mu. \u00da\u010dinn\u00fd filtr zachyt\u00ed \u010d\u00e1stice ne\u010distot o velikosti 5 a\u017e 10 micron\u016f. P\u0159\u00ed\u010dinou ne\u010distot v benz\u00ednu \u010di naft\u011b jsou nej\u010dast\u011bji:<\/p><ul><li>zne\u010di\u0161t\u011bn\u00ed b\u011bhem v\u00fdroby, dopravy, skladov\u00e1n\u00ed, oprav, atd.<\/li><li>vniknut\u00ed ventilac\u00ed do n\u00e1dr\u017ee<\/li><li>oxidace a zne\u010di\u0161t\u011bn\u00ed st\u011bn n\u00e1dr\u017ee a p\u0159\u00edvod\u016f paliva<\/li><li>v\u00fdskyt vody v palivu zp\u016fsoben\u00fd zm\u011bnami teplot<\/li><\/ul><h4>Doporu\u010dujeme:<\/h4><p>Omezit mno\u017estv\u00ed vzduchu v n\u00e1dr\u017ei pravideln\u00fdm dopl\u0148ov\u00e1n\u00edm paliva &#8211; pro regulaci mo\u017en\u00e9 kondensace vody.<\/p><p>V zimn\u00edm obdob\u00ed pou\u017e\u00edvat \u00b4zimn\u00ed naftu\u00b4 nebo vhodn\u00e1 additiva. Tak\u00e9 ur\u010dit\u00e9 mno\u017estv\u00ed benz\u00ednu p\u0159idan\u00e9 do paliva pro dieselov\u00e9 motory redukuje mo\u017enost krystalizace paliva vlivem mrazu.<\/p><h3>Vzduchov\u00e9 filtry<\/h3><p>Vzduchov\u00fd filtr chr\u00e1n\u00ed motor vozu p\u0159ed ne\u010distotami, kter\u00e9 se vyskytuj\u00ed ve vzduchu proud\u00edc\u00edm do motoru. Nas\u00e1van\u00fd vzduch se \u017eene p\u0159\u00edmo p\u0159es filtra\u010dn\u00ed slo\u017eky a odtud proud\u00ed pouze \u010dist\u00fd vzduch. Filtr m\u00e1 n\u00e1sleduj\u00edc\u00ed funkce:<\/p><ul><li>filtruje \u0161kodliv\u00e9 \u010d\u00e1stice ne\u010distot nas\u00e1t\u00e9 z ovzdu\u0161\u00ed<\/li><li>omezuje hluk p\u0159i s\u00e1n\u00ed vzduchu<\/li><li>omezuje nebezpe\u010d\u00ed nas\u00e1n\u00ed vody<\/li><li>zabezpe\u010duje vstupn\u00ed kontrolu s\u00e1n\u00ed vzduchu<\/li><li>minimalizuje pokles v\u00fdkonu motoru<\/li><\/ul><p>Vzduchov\u00e9 filtry jsou sou\u010d\u00e1st\u00ed syst\u00e9m\u016f osobn\u00edch voz\u016f, dod\u00e1vek, n\u00e1kladn\u00edch voz\u016f, traktor\u016f, p\u0159epravn\u00edch a st\u011bhovac\u00edch voz\u016f, t\u011b\u017eebn\u00ed, kolejov\u00e9 a dr\u00e1\u017en\u00ed techniky.<\/p><h3>Kabinov\u00e9 filtry<\/h3><p>Kabinov\u00fd vzduchov\u00fd filtr \u00fa\u010dinn\u011b redukuje koncetrovan\u00fd prach, pyl a saze prachu, kter\u00e9 proud\u00ed ventila\u010dn\u00edm syst\u00e9mem automobilu do prostoru pro \u0159idi\u010de a spolujezdce. Krom\u011b toho efektivn\u011b redukuje povlak ne\u010distot na p\u0159edn\u00edm skle vozu a zlep\u0161uje tak viditelnost, zejm\u00e9na v noci.<\/p><p>Filtr se vlivem ne\u010distot zahlcuje a mus\u00ed b\u00fdt kontrolov\u00e1n a p\u0159\u00edpadn\u011b m\u011bn\u011bn ka\u017ed\u00fdch \u0161est m\u011bs\u00edc\u016f. Hlavn\u00edmi znaky zahlcov\u00e1n\u00ed \u010di nasycen\u00ed filtru jsou:<\/p><ul><li>v\u00fdskyt mlhav\u00fdch opar\u016f v kabin\u011b vozu, kter\u00e9 jsou obt\u00ed\u017en\u011b odstraniteln\u00e9<\/li><li>siln\u00e9 nep\u0159\u00edjemn\u00e9 pachy p\u0159i startov\u00e1n\u00ed vozu<\/li><li>pokles v\u00fdkonu vzduchov\u00fdch proud\u016f ventilace<\/li><li>t\u011b\u017ek\u00fd vzduch<\/li><\/ul>\t\t\t\t\t\t\t\t<\/div>\n\t\t\t\t<\/div>\n\t\t\t\t\t<\/div>\n\t\t<\/div>\n\t\t\t\t\t<\/div>\n\t\t<\/section>\n\t\t\t\t<\/div>\n\t\t","protected":false},"excerpt":{"rendered":"<p>Regenerace filtr\u016f Ned\u00edlnou sou\u010d\u00e1st\u00ed na\u0161\u00ed nab\u00eddky jsou\u00a0olejov\u00e9, palivov\u00e9, vzduchov\u00e9 a kabinov\u00e9 filtry. Prod\u00e1v\u00e1me filtra\u010dn\u00ed produkty a p\u0159\u00edslu\u0161enstv\u00ed\u00a0FRAM, kter\u00e9 p\u0159edstavuje v\u00edce<\/p>\n","protected":false},"author":1,"featured_media":0,"parent":0,"menu_order":0,"comment_status":"closed","ping_status":"closed","template":"","meta":{"colormag_page_container_layout":"default_layout","colormag_page_sidebar_layout":"default_layout","footnotes":""},"class_list":["post-1310","page","type-page","status-publish","hentry"],"yoast_head":"<!-- This site is optimized with the Yoast SEO plugin v27.5 - https:\/\/yoast.com\/product\/yoast-seo-wordpress\/ -->\r\n<title>Regenerace filtr\u016f - SPEI SERVIS<\/title>\r\n<meta name=\"robots\" content=\"index, follow, max-snippet:-1, max-image-preview:large, max-video-preview:-1\" \/>\r\n<link rel=\"canonical\" href=\"https:\/\/spei.cz\/index.php\/regenerace-filtru\/\" \/>\r\n<meta property=\"og:locale\" content=\"cs_CZ\" \/>\r\n<meta property=\"og:type\" content=\"article\" \/>\r\n<meta property=\"og:title\" content=\"Regenerace filtr\u016f - SPEI SERVIS\" \/>\r\n<meta property=\"og:description\" content=\"Regenerace filtr\u016f Ned\u00edlnou sou\u010d\u00e1st\u00ed na\u0161\u00ed nab\u00eddky jsou\u00a0olejov\u00e9, palivov\u00e9, vzduchov\u00e9 a kabinov\u00e9 filtry. Prod\u00e1v\u00e1me filtra\u010dn\u00ed produkty a p\u0159\u00edslu\u0161enstv\u00ed\u00a0FRAM, kter\u00e9 p\u0159edstavuje v\u00edce\" \/>\r\n<meta property=\"og:url\" content=\"https:\/\/spei.cz\/index.php\/regenerace-filtru\/\" \/>\r\n<meta property=\"og:site_name\" content=\"SPEI SERVIS\" \/>\r\n<meta property=\"article:publisher\" content=\"https:\/\/www.facebook.com\/spei.servis\" \/>\r\n<meta property=\"article:modified_time\" content=\"2024-03-21T15:44:20+00:00\" \/>\r\n<meta name=\"twitter:card\" content=\"summary_large_image\" \/>\r\n<meta name=\"twitter:label1\" content=\"Odhadovan\u00e1 doba \u010dten\u00ed\" \/>\n\t<meta name=\"twitter:data1\" content=\"3 minuty\" \/>\r\n<script type=\"application\/ld+json\" class=\"yoast-schema-graph\">{\"@context\":\"https:\\\/\\\/schema.org\",\"@graph\":[{\"@type\":\"WebPage\",\"@id\":\"https:\\\/\\\/spei.cz\\\/index.php\\\/regenerace-filtru\\\/\",\"url\":\"https:\\\/\\\/spei.cz\\\/index.php\\\/regenerace-filtru\\\/\",\"name\":\"Regenerace filtr\u016f - SPEI SERVIS\",\"isPartOf\":{\"@id\":\"https:\\\/\\\/spei.cz\\\/#website\"},\"datePublished\":\"2020-08-04T12:29:27+00:00\",\"dateModified\":\"2024-03-21T15:44:20+00:00\",\"breadcrumb\":{\"@id\":\"https:\\\/\\\/spei.cz\\\/index.php\\\/regenerace-filtru\\\/#breadcrumb\"},\"inLanguage\":\"cs\",\"potentialAction\":[{\"@type\":\"ReadAction\",\"target\":[\"https:\\\/\\\/spei.cz\\\/index.php\\\/regenerace-filtru\\\/\"]}]},{\"@type\":\"BreadcrumbList\",\"@id\":\"https:\\\/\\\/spei.cz\\\/index.php\\\/regenerace-filtru\\\/#breadcrumb\",\"itemListElement\":[{\"@type\":\"ListItem\",\"position\":1,\"name\":\"Dom\u016f\",\"item\":\"https:\\\/\\\/spei.cz\\\/\"},{\"@type\":\"ListItem\",\"position\":2,\"name\":\"Regenerace filtr\u016f\"}]},{\"@type\":\"WebSite\",\"@id\":\"https:\\\/\\\/spei.cz\\\/#website\",\"url\":\"https:\\\/\\\/spei.cz\\\/\",\"name\":\"SPEI SERVIS\",\"description\":\"Autoservis v\u0161ech zna\u010dek!\",\"publisher\":{\"@id\":\"https:\\\/\\\/spei.cz\\\/#organization\"},\"potentialAction\":[{\"@type\":\"SearchAction\",\"target\":{\"@type\":\"EntryPoint\",\"urlTemplate\":\"https:\\\/\\\/spei.cz\\\/?s={search_term_string}\"},\"query-input\":{\"@type\":\"PropertyValueSpecification\",\"valueRequired\":true,\"valueName\":\"search_term_string\"}}],\"inLanguage\":\"cs\"},{\"@type\":\"Organization\",\"@id\":\"https:\\\/\\\/spei.cz\\\/#organization\",\"name\":\"SPEI SERVIS\",\"url\":\"https:\\\/\\\/spei.cz\\\/\",\"logo\":{\"@type\":\"ImageObject\",\"inLanguage\":\"cs\",\"@id\":\"https:\\\/\\\/spei.cz\\\/#\\\/schema\\\/logo\\\/image\\\/\",\"url\":\"https:\\\/\\\/spei.cz\\\/wp-content\\\/uploads\\\/2020\\\/01\\\/cropped-big_logo_SPEI30_high.png\",\"contentUrl\":\"https:\\\/\\\/spei.cz\\\/wp-content\\\/uploads\\\/2020\\\/01\\\/cropped-big_logo_SPEI30_high.png\",\"width\":3615,\"height\":851,\"caption\":\"SPEI SERVIS\"},\"image\":{\"@id\":\"https:\\\/\\\/spei.cz\\\/#\\\/schema\\\/logo\\\/image\\\/\"},\"sameAs\":[\"https:\\\/\\\/www.facebook.com\\\/spei.servis\"]}]}<\/script>\r\n<!-- \/ Yoast SEO plugin. -->","yoast_head_json":{"title":"Regenerace filtr\u016f - SPEI SERVIS","robots":{"index":"index","follow":"follow","max-snippet":"max-snippet:-1","max-image-preview":"max-image-preview:large","max-video-preview":"max-video-preview:-1"},"canonical":"https:\/\/spei.cz\/index.php\/regenerace-filtru\/","og_locale":"cs_CZ","og_type":"article","og_title":"Regenerace filtr\u016f - SPEI SERVIS","og_description":"Regenerace filtr\u016f Ned\u00edlnou sou\u010d\u00e1st\u00ed na\u0161\u00ed nab\u00eddky jsou\u00a0olejov\u00e9, palivov\u00e9, vzduchov\u00e9 a kabinov\u00e9 filtry. Prod\u00e1v\u00e1me filtra\u010dn\u00ed produkty a p\u0159\u00edslu\u0161enstv\u00ed\u00a0FRAM, kter\u00e9 p\u0159edstavuje v\u00edce","og_url":"https:\/\/spei.cz\/index.php\/regenerace-filtru\/","og_site_name":"SPEI SERVIS","article_publisher":"https:\/\/www.facebook.com\/spei.servis","article_modified_time":"2024-03-21T15:44:20+00:00","twitter_card":"summary_large_image","twitter_misc":{"Odhadovan\u00e1 doba \u010dten\u00ed":"3 minuty"},"schema":{"@context":"https:\/\/schema.org","@graph":[{"@type":"WebPage","@id":"https:\/\/spei.cz\/index.php\/regenerace-filtru\/","url":"https:\/\/spei.cz\/index.php\/regenerace-filtru\/","name":"Regenerace filtr\u016f - SPEI SERVIS","isPartOf":{"@id":"https:\/\/spei.cz\/#website"},"datePublished":"2020-08-04T12:29:27+00:00","dateModified":"2024-03-21T15:44:20+00:00","breadcrumb":{"@id":"https:\/\/spei.cz\/index.php\/regenerace-filtru\/#breadcrumb"},"inLanguage":"cs","potentialAction":[{"@type":"ReadAction","target":["https:\/\/spei.cz\/index.php\/regenerace-filtru\/"]}]},{"@type":"BreadcrumbList","@id":"https:\/\/spei.cz\/index.php\/regenerace-filtru\/#breadcrumb","itemListElement":[{"@type":"ListItem","position":1,"name":"Dom\u016f","item":"https:\/\/spei.cz\/"},{"@type":"ListItem","position":2,"name":"Regenerace filtr\u016f"}]},{"@type":"WebSite","@id":"https:\/\/spei.cz\/#website","url":"https:\/\/spei.cz\/","name":"SPEI SERVIS","description":"Autoservis v\u0161ech zna\u010dek!","publisher":{"@id":"https:\/\/spei.cz\/#organization"},"potentialAction":[{"@type":"SearchAction","target":{"@type":"EntryPoint","urlTemplate":"https:\/\/spei.cz\/?s={search_term_string}"},"query-input":{"@type":"PropertyValueSpecification","valueRequired":true,"valueName":"search_term_string"}}],"inLanguage":"cs"},{"@type":"Organization","@id":"https:\/\/spei.cz\/#organization","name":"SPEI SERVIS","url":"https:\/\/spei.cz\/","logo":{"@type":"ImageObject","inLanguage":"cs","@id":"https:\/\/spei.cz\/#\/schema\/logo\/image\/","url":"https:\/\/spei.cz\/wp-content\/uploads\/2020\/01\/cropped-big_logo_SPEI30_high.png","contentUrl":"https:\/\/spei.cz\/wp-content\/uploads\/2020\/01\/cropped-big_logo_SPEI30_high.png","width":3615,"height":851,"caption":"SPEI SERVIS"},"image":{"@id":"https:\/\/spei.cz\/#\/schema\/logo\/image\/"},"sameAs":["https:\/\/www.facebook.com\/spei.servis"]}]}},"_links":{"self":[{"href":"https:\/\/spei.cz\/index.php\/wp-json\/wp\/v2\/pages\/1310","targetHints":{"allow":["GET"]}}],"collection":[{"href":"https:\/\/spei.cz\/index.php\/wp-json\/wp\/v2\/pages"}],"about":[{"href":"https:\/\/spei.cz\/index.php\/wp-json\/wp\/v2\/types\/page"}],"author":[{"embeddable":true,"href":"https:\/\/spei.cz\/index.php\/wp-json\/wp\/v2\/users\/1"}],"replies":[{"embeddable":true,"href":"https:\/\/spei.cz\/index.php\/wp-json\/wp\/v2\/comments?post=1310"}],"version-history":[{"count":14,"href":"https:\/\/spei.cz\/index.php\/wp-json\/wp\/v2\/pages\/1310\/revisions"}],"predecessor-version":[{"id":2461,"href":"https:\/\/spei.cz\/index.php\/wp-json\/wp\/v2\/pages\/1310\/revisions\/2461"}],"wp:attachment":[{"href":"https:\/\/spei.cz\/index.php\/wp-json\/wp\/v2\/media?parent=1310"}],"curies":[{"name":"wp","href":"https:\/\/api.w.org\/{rel}","templated":true}]}}