{"id":964,"date":"2020-03-19T16:36:13","date_gmt":"2020-03-19T15:36:13","guid":{"rendered":"https:\/\/spei.cz\/?page_id=964"},"modified":"2024-03-21T16:23:18","modified_gmt":"2024-03-21T15:23:18","slug":"autoelektrika","status":"publish","type":"page","link":"https:\/\/spei.cz\/index.php\/autoelektrika\/","title":{"rendered":"Autoelektrika"},"content":{"rendered":"\t\t<div data-elementor-type=\"wp-page\" data-elementor-id=\"964\" class=\"elementor elementor-964\" data-elementor-post-type=\"page\">\n\t\t\t\t\t\t<section class=\"elementor-section elementor-top-section elementor-element elementor-element-1f0a777 elementor-section-boxed elementor-section-height-default elementor-section-height-default\" data-id=\"1f0a777\" data-element_type=\"section\" data-e-type=\"section\">\n\t\t\t\t\t\t<div class=\"elementor-container elementor-column-gap-default\">\n\t\t\t\t\t<div class=\"elementor-column elementor-col-100 elementor-top-column elementor-element elementor-element-8098656\" data-id=\"8098656\" data-element_type=\"column\" data-e-type=\"column\">\n\t\t\t<div class=\"elementor-widget-wrap elementor-element-populated\">\n\t\t\t\t\t\t<div class=\"elementor-element elementor-element-a2bd747 elementor-widget elementor-widget-heading\" data-id=\"a2bd747\" data-element_type=\"widget\" data-e-type=\"widget\" data-widget_type=\"heading.default\">\n\t\t\t\t<div class=\"elementor-widget-container\">\n\t\t\t\t\t<h5 class=\"elementor-heading-title elementor-size-default\">Autoelektrika<\/h5>\t\t\t\t<\/div>\n\t\t\t\t<\/div>\n\t\t\t\t<div class=\"elementor-element elementor-element-6752d48 elementor-widget elementor-widget-text-editor\" data-id=\"6752d48\" data-element_type=\"widget\" data-e-type=\"widget\" data-widget_type=\"text-editor.default\">\n\t\t\t\t<div class=\"elementor-widget-container\">\n\t\t\t\t\t\t\t\t\t<p>Nej\u010dast\u011bj\u0161\u00ed poruchy vozidel se t\u00fdkaj\u00ed samotn\u00e9 elektroinstalace. Dne\u0161n\u00ed vozy v\u00edce spol\u00e9haj\u00ed na elektrosou\u010d\u00e1stky a\u0165 u\u017e kv\u016fli aktivn\u00ed bezpe\u010dnosti, jako nadstandardn\u00ed v\u00fdbava, nebo pro spr\u00e1vn\u00fd chod cel\u00e9ho vozu. Elektrod\u00edlnu u n\u00e1s prov\u00e1d\u00ed zku\u0161en\u00fd elektrik\u00e1\u0159, kter\u00fd si porad\u00ed s ka\u017edou men\u0161\u00ed i v\u011bt\u0161\u00ed z\u00e1vadou. Namontuje zabezpe\u010den\u00ed, centr\u00e1ln\u00ed zamyk\u00e1n\u00ed, parkovac\u00ed senzory, nebo HF sadu.<\/p><p>Pokud V\u00e1\u0161 v\u016fz zlob\u00ed, nebo vykazuje jakoukoliv chybu na elektroinstalaci, nav\u0161tivte n\u00e1s. V\u010dasn\u011b vy\u0159e\u0161en\u00ed t\u011bchto z\u00e1vad sni\u017euje riziko autonehody a tak\u00e9 sni\u017euje n\u00e1klady na p\u0159\u00edpadnou v\u011bt\u0161\u00ed opravu, kter\u00e1 by se mohla d\u00edky poru\u0161e st\u00e1t.<\/p><p>Prov\u00e1d\u00edme tyto slu\u017eby:<\/p><ul><li>Kompletn\u00ed elektro servis vozidel<\/li><li>Opravy elektro instalace<\/li><li>Zabezpe\u010den\u00ed voz\u016f<\/li><li>Opravy start\u00e9r\u016f, altern\u00e1tor\u016f<\/li><li>Alarmy, imobilisery<\/li><li>Diagnostika voz\u016f<\/li><li>Mont\u00e1\u017e a prodej autor\u00e1di\u00ed<\/li><li>HF sad pro bezpe\u010dn\u00e9 vol\u00e1n\u00ed ve voze<\/li><li>Ta\u017en\u00e1 za\u0159\u00edzen\u00ed<\/li><\/ul>\t\t\t\t\t\t\t\t<\/div>\n\t\t\t\t<\/div>\n\t\t\t\t\t<\/div>\n\t\t<\/div>\n\t\t\t\t\t<\/div>\n\t\t<\/section>\n\t\t\t\t<\/div>\n\t\t","protected":false},"excerpt":{"rendered":"<p>Autoelektrika Nej\u010dast\u011bj\u0161\u00ed poruchy vozidel se t\u00fdkaj\u00ed samotn\u00e9 elektroinstalace. Dne\u0161n\u00ed vozy v\u00edce spol\u00e9haj\u00ed na elektrosou\u010d\u00e1stky a\u0165 u\u017e kv\u016fli aktivn\u00ed bezpe\u010dnosti, jako<\/p>\n","protected":false},"author":1,"featured_media":0,"parent":0,"menu_order":0,"comment_status":"closed","ping_status":"closed","template":"","meta":{"colormag_page_container_layout":"default_layout","colormag_page_sidebar_layout":"default_layout","footnotes":""},"class_list":["post-964","page","type-page","status-publish","hentry"],"yoast_head":"<!-- This site is optimized with the Yoast SEO plugin v27.5 - https:\/\/yoast.com\/product\/yoast-seo-wordpress\/ -->\r\n<title>Autoelektrika - SPEI SERVIS<\/title>\r\n<meta name=\"robots\" content=\"index, follow, max-snippet:-1, max-image-preview:large, max-video-preview:-1\" \/>\r\n<link rel=\"canonical\" href=\"https:\/\/spei.cz\/index.php\/autoelektrika\/\" \/>\r\n<meta property=\"og:locale\" content=\"cs_CZ\" \/>\r\n<meta property=\"og:type\" content=\"article\" \/>\r\n<meta property=\"og:title\" content=\"Autoelektrika - SPEI SERVIS\" \/>\r\n<meta property=\"og:description\" content=\"Autoelektrika Nej\u010dast\u011bj\u0161\u00ed poruchy vozidel se t\u00fdkaj\u00ed samotn\u00e9 elektroinstalace. Dne\u0161n\u00ed vozy v\u00edce spol\u00e9haj\u00ed na elektrosou\u010d\u00e1stky a\u0165 u\u017e kv\u016fli aktivn\u00ed bezpe\u010dnosti, jako\" \/>\r\n<meta property=\"og:url\" content=\"https:\/\/spei.cz\/index.php\/autoelektrika\/\" \/>\r\n<meta property=\"og:site_name\" content=\"SPEI SERVIS\" \/>\r\n<meta property=\"article:publisher\" content=\"https:\/\/www.facebook.com\/spei.servis\" \/>\r\n<meta property=\"article:modified_time\" content=\"2024-03-21T15:23:18+00:00\" \/>\r\n<meta name=\"twitter:card\" content=\"summary_large_image\" \/>\r\n<meta name=\"twitter:label1\" content=\"Odhadovan\u00e1 doba \u010dten\u00ed\" \/>\n\t<meta name=\"twitter:data1\" content=\"1 minuta\" \/>\r\n<script type=\"application\/ld+json\" class=\"yoast-schema-graph\">{\"@context\":\"https:\\\/\\\/schema.org\",\"@graph\":[{\"@type\":\"WebPage\",\"@id\":\"https:\\\/\\\/spei.cz\\\/index.php\\\/autoelektrika\\\/\",\"url\":\"https:\\\/\\\/spei.cz\\\/index.php\\\/autoelektrika\\\/\",\"name\":\"Autoelektrika - SPEI SERVIS\",\"isPartOf\":{\"@id\":\"https:\\\/\\\/spei.cz\\\/#website\"},\"datePublished\":\"2020-03-19T15:36:13+00:00\",\"dateModified\":\"2024-03-21T15:23:18+00:00\",\"breadcrumb\":{\"@id\":\"https:\\\/\\\/spei.cz\\\/index.php\\\/autoelektrika\\\/#breadcrumb\"},\"inLanguage\":\"cs\",\"potentialAction\":[{\"@type\":\"ReadAction\",\"target\":[\"https:\\\/\\\/spei.cz\\\/index.php\\\/autoelektrika\\\/\"]}]},{\"@type\":\"BreadcrumbList\",\"@id\":\"https:\\\/\\\/spei.cz\\\/index.php\\\/autoelektrika\\\/#breadcrumb\",\"itemListElement\":[{\"@type\":\"ListItem\",\"position\":1,\"name\":\"Dom\u016f\",\"item\":\"https:\\\/\\\/spei.cz\\\/\"},{\"@type\":\"ListItem\",\"position\":2,\"name\":\"Autoelektrika\"}]},{\"@type\":\"WebSite\",\"@id\":\"https:\\\/\\\/spei.cz\\\/#website\",\"url\":\"https:\\\/\\\/spei.cz\\\/\",\"name\":\"SPEI SERVIS\",\"description\":\"Autoservis v\u0161ech zna\u010dek!\",\"publisher\":{\"@id\":\"https:\\\/\\\/spei.cz\\\/#organization\"},\"potentialAction\":[{\"@type\":\"SearchAction\",\"target\":{\"@type\":\"EntryPoint\",\"urlTemplate\":\"https:\\\/\\\/spei.cz\\\/?s={search_term_string}\"},\"query-input\":{\"@type\":\"PropertyValueSpecification\",\"valueRequired\":true,\"valueName\":\"search_term_string\"}}],\"inLanguage\":\"cs\"},{\"@type\":\"Organization\",\"@id\":\"https:\\\/\\\/spei.cz\\\/#organization\",\"name\":\"SPEI SERVIS\",\"url\":\"https:\\\/\\\/spei.cz\\\/\",\"logo\":{\"@type\":\"ImageObject\",\"inLanguage\":\"cs\",\"@id\":\"https:\\\/\\\/spei.cz\\\/#\\\/schema\\\/logo\\\/image\\\/\",\"url\":\"https:\\\/\\\/spei.cz\\\/wp-content\\\/uploads\\\/2020\\\/01\\\/cropped-big_logo_SPEI30_high.png\",\"contentUrl\":\"https:\\\/\\\/spei.cz\\\/wp-content\\\/uploads\\\/2020\\\/01\\\/cropped-big_logo_SPEI30_high.png\",\"width\":3615,\"height\":851,\"caption\":\"SPEI SERVIS\"},\"image\":{\"@id\":\"https:\\\/\\\/spei.cz\\\/#\\\/schema\\\/logo\\\/image\\\/\"},\"sameAs\":[\"https:\\\/\\\/www.facebook.com\\\/spei.servis\"]}]}<\/script>\r\n<!-- \/ Yoast SEO plugin. -->","yoast_head_json":{"title":"Autoelektrika - SPEI SERVIS","robots":{"index":"index","follow":"follow","max-snippet":"max-snippet:-1","max-image-preview":"max-image-preview:large","max-video-preview":"max-video-preview:-1"},"canonical":"https:\/\/spei.cz\/index.php\/autoelektrika\/","og_locale":"cs_CZ","og_type":"article","og_title":"Autoelektrika - SPEI SERVIS","og_description":"Autoelektrika Nej\u010dast\u011bj\u0161\u00ed poruchy vozidel se t\u00fdkaj\u00ed samotn\u00e9 elektroinstalace. Dne\u0161n\u00ed vozy v\u00edce spol\u00e9haj\u00ed na elektrosou\u010d\u00e1stky a\u0165 u\u017e kv\u016fli aktivn\u00ed bezpe\u010dnosti, jako","og_url":"https:\/\/spei.cz\/index.php\/autoelektrika\/","og_site_name":"SPEI SERVIS","article_publisher":"https:\/\/www.facebook.com\/spei.servis","article_modified_time":"2024-03-21T15:23:18+00:00","twitter_card":"summary_large_image","twitter_misc":{"Odhadovan\u00e1 doba \u010dten\u00ed":"1 minuta"},"schema":{"@context":"https:\/\/schema.org","@graph":[{"@type":"WebPage","@id":"https:\/\/spei.cz\/index.php\/autoelektrika\/","url":"https:\/\/spei.cz\/index.php\/autoelektrika\/","name":"Autoelektrika - SPEI SERVIS","isPartOf":{"@id":"https:\/\/spei.cz\/#website"},"datePublished":"2020-03-19T15:36:13+00:00","dateModified":"2024-03-21T15:23:18+00:00","breadcrumb":{"@id":"https:\/\/spei.cz\/index.php\/autoelektrika\/#breadcrumb"},"inLanguage":"cs","potentialAction":[{"@type":"ReadAction","target":["https:\/\/spei.cz\/index.php\/autoelektrika\/"]}]},{"@type":"BreadcrumbList","@id":"https:\/\/spei.cz\/index.php\/autoelektrika\/#breadcrumb","itemListElement":[{"@type":"ListItem","position":1,"name":"Dom\u016f","item":"https:\/\/spei.cz\/"},{"@type":"ListItem","position":2,"name":"Autoelektrika"}]},{"@type":"WebSite","@id":"https:\/\/spei.cz\/#website","url":"https:\/\/spei.cz\/","name":"SPEI SERVIS","description":"Autoservis v\u0161ech zna\u010dek!","publisher":{"@id":"https:\/\/spei.cz\/#organization"},"potentialAction":[{"@type":"SearchAction","target":{"@type":"EntryPoint","urlTemplate":"https:\/\/spei.cz\/?s={search_term_string}"},"query-input":{"@type":"PropertyValueSpecification","valueRequired":true,"valueName":"search_term_string"}}],"inLanguage":"cs"},{"@type":"Organization","@id":"https:\/\/spei.cz\/#organization","name":"SPEI SERVIS","url":"https:\/\/spei.cz\/","logo":{"@type":"ImageObject","inLanguage":"cs","@id":"https:\/\/spei.cz\/#\/schema\/logo\/image\/","url":"https:\/\/spei.cz\/wp-content\/uploads\/2020\/01\/cropped-big_logo_SPEI30_high.png","contentUrl":"https:\/\/spei.cz\/wp-content\/uploads\/2020\/01\/cropped-big_logo_SPEI30_high.png","width":3615,"height":851,"caption":"SPEI SERVIS"},"image":{"@id":"https:\/\/spei.cz\/#\/schema\/logo\/image\/"},"sameAs":["https:\/\/www.facebook.com\/spei.servis"]}]}},"_links":{"self":[{"href":"https:\/\/spei.cz\/index.php\/wp-json\/wp\/v2\/pages\/964","targetHints":{"allow":["GET"]}}],"collection":[{"href":"https:\/\/spei.cz\/index.php\/wp-json\/wp\/v2\/pages"}],"about":[{"href":"https:\/\/spei.cz\/index.php\/wp-json\/wp\/v2\/types\/page"}],"author":[{"embeddable":true,"href":"https:\/\/spei.cz\/index.php\/wp-json\/wp\/v2\/users\/1"}],"replies":[{"embeddable":true,"href":"https:\/\/spei.cz\/index.php\/wp-json\/wp\/v2\/comments?post=964"}],"version-history":[{"count":19,"href":"https:\/\/spei.cz\/index.php\/wp-json\/wp\/v2\/pages\/964\/revisions"}],"predecessor-version":[{"id":2374,"href":"https:\/\/spei.cz\/index.php\/wp-json\/wp\/v2\/pages\/964\/revisions\/2374"}],"wp:attachment":[{"href":"https:\/\/spei.cz\/index.php\/wp-json\/wp\/v2\/media?parent=964"}],"curies":[{"name":"wp","href":"https:\/\/api.w.org\/{rel}","templated":true}]}}